are the prime factors of 13794033?
3, 11, 167, 2503
List the prime factors of 21307587.
3, 7, 739, 1373
List the prime factors of 3071846.
2, 1535923
What are the prime factors of 3003582?
2, 3, 47, 10651
List the prime factors of 1356512.
2, 42391
List the prime factors of 8063586.
2, 3, 347, 1291
What are the prime factors of 3354794?
2, 53, 31649
What are the prime factors of 34234001?
47, 728383
List the prime factors of 732921.
3, 7, 17, 2053
What are the prime factors of 239270?
2, 5, 71, 337
What are the prime factors of 4970052?
2, 3, 17, 2707
List the prime factors of 125593.
13, 9661
What are the prime factors of 133176?
2, 3, 31, 179
List the prime factors of 1573374.
2, 3, 11, 31, 769
List the prime factors of 8677325.
5, 23, 15091
List the prime factors of 2181298.
2, 7, 37, 4211
What are the prime factors of 1365229?
307, 4447
What are the prime factors of 2615834?
2, 13, 100609
List the prime factors of 138151.
13, 10627
List the prime factors of 374115.
3, 5, 7, 509
What are the prime factors of 8669697?
3, 79, 157, 233
What are the prime factors of 469736?
2, 71, 827
List the prime factors of 700301.
7, 100043
List the prime factors of 4284757.
59, 72623
List the prime factors of 1202146.
2, 11, 53, 1031
What are the prime factors of 1508318?
2, 7, 15391
List the prime factors of 1639722.
2, 3, 7, 39041
What are the prime factors of 3497583?
3, 1165861
List the prime factors of 13466526.
2, 3, 197, 11393
What are the prime factors of 10606459?
349, 30391
What are the prime factors of 238633?
127, 1879
List the prime factors of 16411121.
23, 31, 23017
What are the prime factors of 303439?
23, 79, 167
What are the prime factors of 165032?
2, 7, 421
List the prime factors of 4711768.
2, 43, 13697
What are the prime factors of 2359235?
5, 471847
List the prime factors of 19582353.
3, 7, 310831
What are the prime factors of 2825593?
47, 79, 761
What are the prime factors of 5819864?
2, 727483
What are the prime factors of 9086363?
11, 13, 63541
What are the prime factors of 3261296?
2, 317, 643
What are the prime factors of 409498?
2, 204749
List the prime factors of 155089.
11, 23, 613
List the prime factors of 1362466.
2, 7, 307, 317
List the prime factors of 4227963.
3, 139, 10139
List the prime factors of 686900.
2, 5, 6869
List the prime factors of 5332631.
1229, 4339
List the prime factors of 1874415.
3, 5, 29, 31, 139
What are the prime factors of 360339?
3, 7, 17159
List the prime factors of 6004900.
2, 5, 11, 53, 103
List the prime factors of 617499.
3, 68611
List the prime factors of 492845.
5, 241, 409
What are the prime factors of 381448?
2, 47681
List the prime factors of 3041488.
2, 190093
List the prime factors of 757070.
2, 5, 75707
List the prime factors of 438301.
438301
List the prime factors of 398574.
2, 3, 11, 61
List the prime factors of 302333.
43, 79, 89
List the prime factors of 241915.
5, 48383
List the prime factors of 4826497.
13, 139, 2671
What are the prime factors of 3789408?
2, 3, 7, 5639
What are the prime factors of 9912763?
7, 1416109
List the prime factors of 1325163.
3, 7, 63103
What are the prime factors of 342705?
3, 5, 11, 31, 67
List the prime factors of 113681.
79, 1439
List the prime factors of 25470351.
3, 2830039
List the prime factors of 729643.
729643
List the prime factors of 73278.
2, 3, 23, 59
List the prime factors of 4326801.
3, 1442267
What are the prime factors of 796801?
796801
List the prime factors of 1636629.
3, 545543
What are the prime factors of 2845360?
2, 5, 7, 5081
What are the prime factors of 2359253?
13, 347, 523
What are the prime factors of 3129169?
3129169
What are the prime factors of 80042?
2, 31, 1291
What are the prime factors of 371477?
43, 53, 163
List the prime factors of 26737903.
31, 27823
List the prime factors of 107949.
3, 35983
List the prime factors of 3768497.
3768497
What are the prime factors of 232297?
13, 107, 167
What are the prime factors of 161421?
3, 13, 4139
List the prime factors of 5504993.
13, 423461
What are the prime factors of 4026410?
2, 5, 53, 71, 107
List the prime factors of 341368.
2, 71, 601
List the prime factors of 13978563.
3, 37, 125933
What are the prime factors of 245222?
2, 122611
List the prime factors of 440558.
2, 220279
List the prime factors of 3350653.
3350653
What are the prime factors of 4341747?
3, 19, 211
What are the prime factors of 15450079?
15450079
What are the prime factors of 16630738?
2, 19, 437651
What are the prime factors of 15749506?
2, 7874753
List the prime factors of 1254672.
2, 3, 8713
List the prime factors of 6510045.
3, 5, 131, 3313
What are the prime factors of 109652?
2, 79, 347
What are the prime factors of 319243?
17, 89, 211
List the prime factors of 342934.
2, 171467
List the prime factors of 150775.
5, 37, 163
List the prime factors of 698255.
5, 359, 389
What are the prime factors of 721821?
3, 240607
What are the prime factors of 1005913?
1005913
What are the prime factors of 5537003?
31, 178613
What are the prime factors of 111417?
3, 37139
List the prime factors of 442411.
47, 9413
What are the prime factors of 1772587?
23, 77069
List the prime factors of 463009.
139, 3331
List the prime factors of 10101787.
19, 531673
What are the prime factors of 14011?
14011
What are the prime factors of 6091678?
2, 17, 179167
What are the prime factors of 1140018?
2, 3, 11, 23, 751
What are the prime factors of 2990039?
13, 230003
List the prime factors of 4935513.
3, 11, 149561
What are the prime factors of 87287?
191, 457
List the prime factors of 2088506.
2, 7, 241, 619
What are the prime factors of 140572?
2, 113, 311
What are the prime factors of 63069?
3, 21023
List the prime factors of 10968266.
2, 5484133
What are the prime factors of 2604853?
41, 63533
List the prime factors of 253619.
127, 1997
What are the prime factors of 13540828?
2, 7, 281, 1721
List the prime factors of 10287.
3, 127
List the prime factors of 354769.
149, 2381
List the prime factors of 3851674.
2, 1925837
What are the prime factors of 309325?
5, 12373
What are the prime factors of 1330876?
2, 313, 1063
What are the prime factors of 722064?
2, 3, 7, 307
List the prime factors of 57772.
2, 11, 13, 101
List the prime factors of 7057863.
3, 31, 41, 617
List the prime factors of 15629303.
15629303
List the prime factors of 38681498.
2, 379, 51031
List the prime factors of 5188132.
2, 953, 1361
List the prime factors of 24450003.
3, 941, 2887
What are the prime factors of 65648?
2, 11, 373
What are the prime factors of 2529415?
5, 7, 72269
What are the prime factors of 205465?
5, 13, 29, 109
What are the prime factors of 16499637?
3, 7, 11, 29, 821
List the prime factors of 969588.
2, 3, 23, 1171
What are the prime factors of 2293837?
7, 13, 277
What are the prime factors of 20374587?
3, 2263843
List the prime factors of 493502.
2, 443, 557
List the prime factors of 28084.
2, 7, 17, 59
What are the prime factors of 1047815?
5, 209563
List the prime factors of 1218317.
347, 3511
List the prime factors of 10753093.
13, 827161
What are the prime factors of 2361487?
17, 31, 4481
List the prime factors of 512243.
137, 3739
What are the prime factors of 360071?
360071
What are the prime factors of 59637?
3, 103, 193
What are the prime factors of 3451706?
2, 67, 25759
What are the prime factors of 3408278?
2, 23, 74093
List the prime factors of 357679.
7, 37, 1381
What are the prime factors of 26389?
11, 2399
What are the prime factors of 7795094?
2, 607, 6421
List the prime factors of 904758.
2, 3, 101, 1493
What are the prime factors of 17831996?
2, 7, 13, 48989
What are the prime factors of 722420?
2, 5, 41, 881
What are the prime factors of 27035041?
11, 2457731
What are the prime factors of 1912569?
3, 83, 7681
List the prime factors of 725131.
11, 65921
What are the prime factors of 9807772?
2, 13, 47, 4013
What are the prime factors of 293320?
2, 5, 7333
What are the prime factors of 8277865?
5, 1655573
What are the prime factors of 1403546?
2, 53, 13241
List the prime factors of 26807248.
2, 13, 359
What are the prime factors of 1233713?
13, 43, 2207
List the prime factors of 248307.
3, 37, 2237
What are the prime factors of 368149?
368149
What are the prime factors of 21874?
2, 10937
List the prime factors of 5